14) to base 2
111011001111
-32892 (base 10) to base 8
-100174
Convert -233103 (base 4) to base 9.
-4133
What is 45a2 (base 11) in base 5?
143131
-28a0 (base 14) to base 10
-7196
What is -11777 (base 15) in base 3?
-2211101111
Convert -1ae2 (base 15) to base 5.
-141322
What is -9411 (base 10) in base 3?
-110220120
725 (base 13) to base 10
1214
What is -1011011101100 (base 2) in base 7?
-23052
1000111 (base 2) to base 3
2122
Convert -228 (base 9) to base 4.
-2330
What is 330403 (base 5) in base 8?
26131
What is 14791 (base 10) in base 13?
696a
What is -44442 (base 5) in base 8?
-6062
1102210 (base 3) to base 15
49c
What is -3840 (base 12) in base 8?
-14360
Convert -1003121 (base 4) to base 13.
-1c6a
Convert -11b (base 14) to base 9.
-265
What is -3d0c (base 15) in base 12?
-7686
What is 11210211 (base 3) in base 7?
13135
What is -23606 (base 7) in base 11?
-4674
Convert -51542 (base 6) to base 7.
-26060
1213 (base 4) to base 7
205
-112110 (base 3) to base 9
-473
-ee (base 16) to base 5
-1423
Convert -10e (base 15) to base 16.
-ef
Convert 111331 (base 4) to base 8.
2575
Convert -3076 (base 10) to base 11.
-2347
What is -40241 (base 5) in base 13?
-122a
What is -36e (base 16) in base 11?
-729
What is -21002 (base 4) in base 5?
-4303
Convert -2bd (base 15) to base 11.
-521
What is -2132 (base 5) in base 4?
-10210
Convert -1010 (base 6) to base 15.
-ec
Convert -10101000 (base 2) to base 6.
-440
-3774 (base 15) to base 6
-130401
Convert 263 (base 7) to base 3.
12022
Convert 75285 (base 9) to base 15.
eb5b
Convert -217 (base 11) to base 12.
-198
-142412 (base 5) to base 4
-1131132
Convert -42334 (base 5) to base 9.
-3810
3115 (base 8) to base 9
2182
What is -164 (base 9) in base 2?
-10001011
Convert -1021200111 (base 3) to base 11.
-17aa7
What is -24948 (base 11) in base 15?
-a8d2
-52224 (base 6) to base 15
-211a
Convert -10212122 (base 3) to base 11.
-2139
-253231 (base 6) to base 14
-8427
Convert 266 (base 10) to base 6.
1122
672 (base 13) to base 14
591
What is -1144204 (base 5) in base 13?
-9c03
What is 78a (base 14) in base 4?
113112
3121 (base 4) to base 7
430
1993 (base 10) to base 13
ba4
Convert -1100 (base 3) to base 12.
-30
What is -13c75 (base 15) in base 16?
-f848
Convert 424 (base 11) to base 3.
200220
Convert -147 (base 13) to base 10.
-228
5832 (base 9) to base 13
1c76
Convert -3ad7 (base 15) to base 10.
-12577
Convert 6256 (base 7) to base 14.
b2d
50734 (base 8) to base 12
10164
What is 347 (base 12) in base 16?
1e7
110011011011 (base 2) to base 9
4456
Convert -210 (base 8) to base 4.
-2020
2054 (base 6) to base 16
1d2
11110110 (base 2) to base 11
204
21d (base 15) to base 7
1252
8aa (base 13) to base 5
21432
-26d9 (base 15) to base 14
-3052
What is 2106 (base 12) in base 6?
24410
296 (base 12) to base 13
24c
Convert 16463 (base 8) to base 12.
43ab
What is 1111244 (base 5) in base 11?
13785
Convert -1686 (base 9) to base 3.
-1202220
Convert 1017 (base 10) to base 6.
4413
Convert -19460 (base 10) to base 4.
-10300010
Convert 1210 (base 9) to base 16.
384
-636 (base 8) to base 3
-120100
Convert 356c (base 13) to base 6.
54502
Convert -4041214 (base 5) to base 16.
-fea0
What is d603 (base 16) in base 6?
1101351
Convert -4c7 (base 16) to base 11.
-a12
Convert 21535 (base 6) to base 14.
1151
What is 49b (base 12) in base 5?
10240
-11000010101 (base 2) to base 5
-22212
What is -2a69 (base 13) in base 9?
-8416
-264 (base 12) to base 6
-1404
-1d6 (base 14) to base 4
-12000
3c9b (base 13) to base 8
21053
What is 11972 (base 13) in base 7?
163244
1505 (base 16) to base 3
21101022
Convert -1053 (base 9) to base 12.
-549
Convert -12c (base 15) to base 8.
-413
What is -37326 (base 8) in base 2?
-11111011010110
What is 1846 (base 13) in base 7?
13342
Convert d5 (base 15) to base 2.
11001000
What is -1325 (base 7) in base 9?
-625
-22221 (base 4) to base 11
-56a
What is -402c (base 16) in base 5?
-1011203
-123001 (base 6) to base 16
-2b09
What is 63555 (base 7) in base 14?
5a2c
21211 (base 3) to base 13
133
Convert 3820 (base 9) to base 4.
230211
Convert -e6 (base 15) to base 14.
-116
11102201001 (base 3) to base 2
10101010011100001
-66470 (base 9) to base 13
-17115
3064 (base 7) to base 2
10000110011
Convert -1331322 (base 4) to base 5.
-224213
-2343 (base 7) to base 3
-1012000
Convert 19970 (base 12) to base 13.
141b7
What is 195 (base 10) in base 13?
120
3a04 (base 12) to base 3
100002111
11101101011001 (base 2) to base 4
3231121
What is -1433 (base 5) in base 8?
-363
What is 21528 (base 12) in base 16?
abb0
What is a51 (base 16) in base 13?
1282
-1210202 (base 4) to base 16
-1922
What is 4635 (base 10) in base 15?
1590
298a9 (base 11) to base 15
c833
-121221010 (base 3) to base 10
-12342
Convert 10120211 (base 3) to base 15.
b94
What is 2 (base 3) in base 9?
2
What is 1135 (base 12) in base 10?
1913
Convert -416 (base 8) to base 12.
-1a6
What is -52d (base 16) in base 6?
-10045
-329 (base 13) to base 8
-1036
Convert 1052401 (base 6) to base 5.
3204323
Convert -4055 (base 8) to base 4.
-200231
What is 6c (base 16) in base 5?
413
Convert 28968 (base 10) to base 2.
111000100101000
Convert -110001010 (base 2) to base 10.
-394
-45004 (base 6) to base 9
-8534
What is -122 (base 12) in base 7?
-332
What is -12255 (base 9) in base 7?
-32666
What is 100200110 (base 3) in base 15?
2159
Convert 256 (base 10) to base 4.
10000
Convert 3838 (base 9) to base 3.
10221022
-83d4 (base 15) to base 3
-1102020101
-b4e (base 15) to base 8
-4765
What is -27b (base 12) in base 9?
-465
Convert 3035 (base 10) to base 4.
233123
404 (base 10) to base 15
1be
574 (base 14) to base 4
100322
What is 617 (base 11) in base 15?
349
1001110201 (base 3) to base 6
240031
Convert 16a (base 11) to base 7.
401
Convert 12 (base 4) to base 10.
6
Convert -23a1 (base 12) to base 10.
-4009
What is -202000 (base 4) in base 3?
-2222121
-2995 (base 10) to base 14
-113d
-159c (base 16) to base 11
-417a
What is -317 (base 14) in base 5?
-4414
Convert 30020 (base 4) to base 5.
11101
What is 43565 (base 7) in base 15?
3385
Convert 122 (base 8) to base 10.
82
Convert 100011001110 (base 2) to base 15.
a04
-10000001110100011 (base 2) to base 12
-3256b
What is -11067 (base 10) in base 12?
-64a3
What is -2001 (base 5) in base 9?
-308
What is 3518 (base 15) in base 7?
44603
-a92 (base 12) to base 9
-2112
What is a47b (base 14) in base 15?
85dd
Convert -1110110100 (base 2) to base 7.
-2523
Convert -2cb (base 14) to base 9.
-704
-b2 (base 13) to base 6
-401
What is -3a76 (base 12) in base 2?
-1101000111010
What is 111001100 (base 2) in base 12?
324
What is 825 (base 10) in base 11?
690
732 (base 16) to base 9
2466
What is -1166 (base 12) in base 8?
-3636
-563 (base 11) to base 3
-220222
Convert -33030 (base 5) to base 3.
-10002220
What is 8e0 (base 16) in base 8?
4340
What is 1987 (base 10) in base 7?
5536
Convert 1511 (base 6) to base 14.
20b
What is -25253 (base 6) in base 3?
-12011220
Convert -228 (base 11) to base 14.
-156
What is -2112 (base 3) in base 13?
-53
What is -14330 (base 6) in base 2?
-100011101110
Convert 10101202 (base 3) to base 6.
15245
What is -120111211 (base 3) in base 8?
-26054
Convert -dc3 (base 15) to base 12.
-1970
-121010 (base 3) to base 12
-303
Convert 42240 (base 5) to base 2.
101100000100
What is -add (base 16) in base 14?
-1029
-3607 (base 8) to base 15
-887
What is 6159 (base 11) in base 10?
8171
67 (base 13) to base 10
85
What is 4225 (base 6) in base 8?
1671
Convert -1409 (base 11) to base 10.
-1824
-995 (base 11) to base 9
-1565
7299 (base 15) to base 6
304043
Convert a4 (base 14) to base 3.
12100
What is -122 (base 11) in base 13?
-b2
Convert 615 (base 13) to base 2.
10000001000
Convert a5 (base 16) to base 11.
140
What is 19615 (base 13) in base 6?
1020314
What is -15314 (base 7) in base 13?
-1c3a
What is 19067 (base 11) in base 8?
64105
117c9 (base 13) to base 15
97a6
415000 (base 6) to base 5
2032410
Convert -1001011 (base 4) to base 10.
-4165
What is 1176 (base 10) in base 14?
600
What is 43 (base 16) in base 4?
1003
Convert 80 (base 16) to base 14.
92
Convert -132 (base 13) to base 3.
-21210
-2077 (base 10) to base 11
-1619
What is 2b0 (base 12) in base 2?
110100100
Convert 22266 (base 7) to base 2.
1011000000010
Convert 4586 (base 12) to base 15.
2459
Convert 